{"id":142,"date":"2018-08-10T19:15:23","date_gmt":"2018-08-10T17:15:23","guid":{"rendered":"http:\/\/nagelstudio-krause.de\/?page_id=142"},"modified":"2025-06-18T07:51:38","modified_gmt":"2025-06-18T05:51:38","slug":"basis-manikuere","status":"publish","type":"page","link":"http:\/\/handundfuss.eu\/?page_id=142","title":{"rendered":"Basis Manik\u00fcre"},"content":{"rendered":"\n<p><\/p>\n\n\n\n<p style=\"font-size:18px\"><strong>Die Manik\u00fcre \u2013 Pflege f\u00fcr sch\u00f6ne, gesunde H\u00e4nde<\/strong><\/p>\n\n\n\n<p>Gepflegte H\u00e4nde und N\u00e4gel sind ein Aush\u00e4ngeschild \u2013 sie hinterlassen Eindruck und tragen zum pers\u00f6nlichen Wohlbefinden bei.<\/p>\n\n\n\n<p>Unsere&nbsp;<strong>Basis-Manik\u00fcre<\/strong>&nbsp;beginnt mit der sanften Entfernung alter Nagellackreste. Dabei verwenden wir ausschlie\u00dflich schonende, pflegende Produkte \u2013 ganz bewusst&nbsp;<strong>ohne aggressive, acetonhaltige Entferner<\/strong>, die Haut und N\u00e4gel austrocknen und wichtige Vitalstoffe entziehen k\u00f6nnen.<\/p>\n\n\n\n<p>Anschlie\u00dfend wird der Naturnagel mit einer speziellen Feile in Form gebracht. Die Nagelhaut wird behutsam mit einem Manik\u00fcrst\u00e4bchen zur\u00fcckgeschoben, um die nat\u00fcrliche Nagelform optimal zu betonen.<\/p>\n\n\n\n<p class=\"has-regular-font-size\">Ein wohltuendes&nbsp;<strong>Handbad<\/strong>&nbsp;folgt: Es reinigt die Haut porentief und macht sie zart und geschmeidig. Zum Abschluss wird die Nagelhaut und die Nagelplatte mit einer hochwertigen Pflege versorgt \u2013&nbsp;<strong>reich an pflanzlichen \u00d6len sowie den Vitaminen A, E und F<\/strong>. Diese Kombination st\u00e4rkt die N\u00e4gel, n\u00e4hrt die Haut und sorgt f\u00fcr ein sichtbar gepflegtes Erscheinungsbild.<\/p>\n","protected":false},"excerpt":{"rendered":"<p>Die Manik\u00fcre \u2013 Pflege f\u00fcr sch\u00f6ne, gesunde H\u00e4nde Gepflegte H\u00e4nde und N\u00e4gel sind ein Aush\u00e4ngeschild \u2013 sie hinterlassen Eindruck und tragen zum pers\u00f6nlichen Wohlbefinden bei. Unsere&nbsp;Basis-Manik\u00fcre&nbsp;beginnt mit der sanften Entfernung alter Nagellackreste. Dabei verwenden wir ausschlie\u00dflich schonende, pflegende Produkte \u2013 ganz bewusst&nbsp;ohne aggressive, acetonhaltige Entferner, die Haut und N\u00e4gel austrocknen und wichtige Vitalstoffe entziehen k\u00f6nnen&#8230;.<\/p>\n","protected":false},"author":1,"featured_media":579,"parent":0,"menu_order":0,"comment_status":"closed","ping_status":"closed","template":"page_nosidebar.php","meta":{"footnotes":""},"class_list":["post-142","page","type-page","status-publish","has-post-thumbnail","hentry"],"_links":{"self":[{"href":"http:\/\/handundfuss.eu\/index.php?rest_route=\/wp\/v2\/pages\/142","targetHints":{"allow":["GET"]}}],"collection":[{"href":"http:\/\/handundfuss.eu\/index.php?rest_route=\/wp\/v2\/pages"}],"about":[{"href":"http:\/\/handundfuss.eu\/index.php?rest_route=\/wp\/v2\/types\/page"}],"author":[{"embeddable":true,"href":"http:\/\/handundfuss.eu\/index.php?rest_route=\/wp\/v2\/users\/1"}],"replies":[{"embeddable":true,"href":"http:\/\/handundfuss.eu\/index.php?rest_route=%2Fwp%2Fv2%2Fcomments&post=142"}],"version-history":[{"count":6,"href":"http:\/\/handundfuss.eu\/index.php?rest_route=\/wp\/v2\/pages\/142\/revisions"}],"predecessor-version":[{"id":648,"href":"http:\/\/handundfuss.eu\/index.php?rest_route=\/wp\/v2\/pages\/142\/revisions\/648"}],"wp:featuredmedia":[{"embeddable":true,"href":"http:\/\/handundfuss.eu\/index.php?rest_route=\/wp\/v2\/media\/579"}],"wp:attachment":[{"href":"http:\/\/handundfuss.eu\/index.php?rest_route=%2Fwp%2Fv2%2Fmedia&parent=142"}],"curies":[{"name":"wp","href":"https:\/\/api.w.org\/{rel}","templated":true}]}}