{"id":183,"date":"2018-08-10T19:21:07","date_gmt":"2018-08-10T17:21:07","guid":{"rendered":"http:\/\/nagelstudio-krause.de\/?page_id=183"},"modified":"2026-03-10T07:29:40","modified_gmt":"2026-03-10T06:29:40","slug":"portraet-fusspflegerin","status":"publish","type":"page","link":"http:\/\/handundfuss.eu\/?page_id=183","title":{"rendered":"Unsere Fu\u00dfpflegerinnen stellen sich vor"},"content":{"rendered":"\n<h2 class=\"wp-block-heading\">Petra Nibler \u2013 Erfahrung, die man sp\u00fcrt<\/h2>\n\n\n<p><img loading=\"lazy\" decoding=\"async\" class=\"wp-image-417 size-medium alignright\" src=\"http:\/\/handundfuss.eu\/wp-content\/uploads\/2025\/05\/Petra_web-200x300.jpg\" alt=\"\" width=\"200\" height=\"300\" srcset=\"http:\/\/handundfuss.eu\/wp-content\/uploads\/2025\/05\/Petra_web-200x300.jpg 200w, http:\/\/handundfuss.eu\/wp-content\/uploads\/2025\/05\/Petra_web.jpg 333w\" sizes=\"auto, (max-width: 200px) 100vw, 200px\" \/><\/p>\n<p data-start=\"1261\" data-end=\"1410\">\u00dcber 30 Jahre Erfahrung, viel Feingef\u00fchl und ein geschultes Auge f\u00fcr Details \u2013 daf\u00fcr sch\u00e4tzen viele Kundinnen und Kunden die Arbeit von Petra Nibler.<\/p>\n<p data-start=\"1412\" data-end=\"1687\">Mit \u00fcber drei Jahrzehnten Berufserfahrung in der Fu\u00dfpflege ist Petra Nibler eine echte Expertin auf ihrem Gebiet. Ihre ruhige Art, ihr geschultes Auge und ihre pr\u00e4zise Arbeitsweise machen sie zu einer gesch\u00e4tzten Ansprechpartnerin f\u00fcr alle, die Wert auf gepflegte F\u00fc\u00dfe legen.<\/p>\n\n\n<p><\/p>\n\n\n\n<p><\/p>\n\n\n\n<h2 class=\"wp-block-heading\">Yvonne Goldschmidt \u2013 Mit Herz und Hingabe f\u00fcr Ihre F\u00fc\u00dfe<\/h2>\n\n\n\n<div class=\"wp-block-group is-nowrap is-layout-flex wp-container-core-group-is-layout-ad2f72ca wp-block-group-is-layout-flex\">\n<div class=\"wp-block-columns is-layout-flex wp-container-core-columns-is-layout-9d6595d7 wp-block-columns-is-layout-flex\">\n<div class=\"wp-block-column is-layout-flow wp-block-column-is-layout-flow\" style=\"flex-basis:100%\">\n<p><img loading=\"lazy\" decoding=\"async\" class=\"size-medium wp-image-429 alignright\" src=\"http:\/\/handundfuss.eu\/wp-content\/uploads\/2025\/05\/WhatsApp-Image-2025-05-21-at-15.49.04-214x300.jpg\" alt=\"\" width=\"214\" height=\"300\" srcset=\"http:\/\/handundfuss.eu\/wp-content\/uploads\/2025\/05\/WhatsApp-Image-2025-05-21-at-15.49.04-214x300.jpg 214w, http:\/\/handundfuss.eu\/wp-content\/uploads\/2025\/05\/WhatsApp-Image-2025-05-21-at-15.49.04.jpg 357w\" sizes=\"auto, (max-width: 214px) 100vw, 214px\" \/><\/p>\n<p data-start=\"403\" data-end=\"624\">Yvonne Goldschmidt bringt frischen Wind und gro\u00dfe Leidenschaft f\u00fcr die Fu\u00dfpflege mit. Sie verbindet fachliches Know-how mit viel Einf\u00fchlungsverm\u00f6gen und geht individuell auf die Bed\u00fcrfnisse ihrer Kundinnen und Kunden ein.<\/p>\n<p data-start=\"626\" data-end=\"792\">Besonders am Herzen liegt ihr, dass sich jeder Mensch mit seinen F\u00fc\u00dfen rundum wohlf\u00fchlt \u2013 sowohl im gepflegten Erscheinungsbild als auch im pers\u00f6nlichen Wohlbefinden.<\/p>\n<p data-start=\"794\" data-end=\"921\">Ob professionelle Fu\u00dfpflege oder eine kleine Auszeit mit Wohlf\u00fchlfaktor \u2013 bei Frau Goldschmidt sind Ihre F\u00fc\u00dfe in besten H\u00e4nden.<\/p>\n<\/div>\n<\/div>\n<\/div>\n\n\n<p data-start=\"1283\" data-end=\"1371\"><strong data-start=\"1283\" data-end=\"1345\">Nutzen Sie unser breites Angebot in angenehmer Atmosph\u00e4re.<\/strong><br data-start=\"1345\" data-end=\"1348\" \/>Wir freuen uns auf Sie!<\/p>\n<p data-start=\"1373\" data-end=\"1573\">\ud83d\udc49 <strong data-start=\"1376\" data-end=\"1405\">Jetzt Termin vereinbaren:<\/strong><br data-start=\"1405\" data-end=\"1408\" \/>Einfach online buchen unter <a class=\"\" href=\"https:\/\/www.studiobookr.com\/hand-fuss-68851#\/\" target=\"_new\" rel=\"noopener\" data-start=\"1436\" data-end=\"1530\">https:\/\/www.studiobookr.com\/hand-fuss-68851#\/<\/a><br data-start=\"1530\" data-end=\"1533\" \/>oder telefonisch unter <strong data-start=\"1556\" data-end=\"1572\">04204 689986<\/strong>.<\/p>\n<p>&nbsp;<\/p>\n\n\n<p><\/p>\n","protected":false},"excerpt":{"rendered":"<p>Petra Nibler \u2013 Erfahrung, die man sp\u00fcrt \u00dcber 30 Jahre Erfahrung, viel Feingef\u00fchl und ein geschultes Auge f\u00fcr Details \u2013 daf\u00fcr sch\u00e4tzen viele Kundinnen und Kunden die Arbeit von Petra Nibler. Mit \u00fcber drei Jahrzehnten Berufserfahrung in der Fu\u00dfpflege ist Petra Nibler eine echte Expertin auf ihrem Gebiet. Ihre ruhige Art, ihr geschultes Auge und&#8230;<\/p>\n","protected":false},"author":1,"featured_media":0,"parent":0,"menu_order":0,"comment_status":"closed","ping_status":"closed","template":"page_nosidebar.php","meta":{"footnotes":""},"class_list":["post-183","page","type-page","status-publish","hentry"],"_links":{"self":[{"href":"http:\/\/handundfuss.eu\/index.php?rest_route=\/wp\/v2\/pages\/183","targetHints":{"allow":["GET"]}}],"collection":[{"href":"http:\/\/handundfuss.eu\/index.php?rest_route=\/wp\/v2\/pages"}],"about":[{"href":"http:\/\/handundfuss.eu\/index.php?rest_route=\/wp\/v2\/types\/page"}],"author":[{"embeddable":true,"href":"http:\/\/handundfuss.eu\/index.php?rest_route=\/wp\/v2\/users\/1"}],"replies":[{"embeddable":true,"href":"http:\/\/handundfuss.eu\/index.php?rest_route=%2Fwp%2Fv2%2Fcomments&post=183"}],"version-history":[{"count":18,"href":"http:\/\/handundfuss.eu\/index.php?rest_route=\/wp\/v2\/pages\/183\/revisions"}],"predecessor-version":[{"id":638,"href":"http:\/\/handundfuss.eu\/index.php?rest_route=\/wp\/v2\/pages\/183\/revisions\/638"}],"wp:attachment":[{"href":"http:\/\/handundfuss.eu\/index.php?rest_route=%2Fwp%2Fv2%2Fmedia&parent=183"}],"curies":[{"name":"wp","href":"https:\/\/api.w.org\/{rel}","templated":true}]}}