{"id":568,"date":"2025-06-18T07:29:34","date_gmt":"2025-06-18T05:29:34","guid":{"rendered":"http:\/\/handundfuss.eu\/?page_id=568"},"modified":"2025-06-18T07:29:34","modified_gmt":"2025-06-18T05:29:34","slug":"vorbereitung-tipps","status":"publish","type":"page","link":"http:\/\/handundfuss.eu\/?page_id=568","title":{"rendered":"Vorbereitung &amp; Tipps"},"content":{"rendered":"<h3 data-start=\"300\" data-end=\"353\"><strong data-start=\"304\" data-end=\"353\">Vorbereitung &amp; Tipps f\u00fcr dein Waxing-Erlebnis<\/strong><\/h3>\n<p data-start=\"215\" data-end=\"439\">Damit dein Waxing-Erlebnis so angenehm und effektiv wie m\u00f6glich wird, haben wir dir die wichtigsten Hinweise zur <strong data-start=\"328\" data-end=\"358\">Vorbereitung und Nachsorge<\/strong> zusammengestellt. So genie\u00dft du seidig glatte Haut mit maximalem Wohlf\u00fchlfaktor!<\/p>\n<hr data-start=\"441\" data-end=\"444\" \/>\n<p data-start=\"446\" data-end=\"485\">\ud83d\udca1 <strong data-start=\"449\" data-end=\"485\">Bitte beachte vor deinem Termin:<\/strong><\/p>\n<ul data-start=\"487\" data-end=\"925\">\n<li data-start=\"487\" data-end=\"578\">\n<p data-start=\"489\" data-end=\"578\">Die Haare sollten mindestens <strong data-start=\"518\" data-end=\"531\">5 mm lang<\/strong> sein (ca. 7\u201310 Tage nach der letzten Rasur).<\/p>\n<\/li>\n<li data-start=\"579\" data-end=\"681\">\n<p data-start=\"581\" data-end=\"681\">Verwende <strong data-start=\"590\" data-end=\"637\">1\u20132 Tage vor dem Termin ein sanftes Peeling<\/strong>, um abgestorbene Hautzellen zu entfernen.<\/p>\n<\/li>\n<li data-start=\"682\" data-end=\"756\">\n<p data-start=\"684\" data-end=\"756\"><strong data-start=\"684\" data-end=\"743\">Am Behandlungstag bitte keine Lotionen, \u00d6le oder Cremes<\/strong> auftragen.<\/p>\n<\/li>\n<li data-start=\"757\" data-end=\"843\">\n<p data-start=\"759\" data-end=\"843\">Trage <strong data-start=\"765\" data-end=\"794\">lockere, bequeme Kleidung<\/strong>, damit sich deine Haut danach entspannen kann.<\/p>\n<\/li>\n<li data-start=\"844\" data-end=\"925\">\n<p data-start=\"846\" data-end=\"925\">Nach dem Waxing bitte <strong data-start=\"868\" data-end=\"924\">mind. 24 Stunden auf Sauna, Sport &amp; Sonne verzichten<\/strong>.<\/p>\n<\/li>\n<\/ul>\n<hr data-start=\"927\" data-end=\"930\" \/>\n<p data-start=\"932\" data-end=\"1167\">\ud83c\udf3f <strong data-start=\"935\" data-end=\"987\">Buche jetzt \u2013 mit exklusivem Einf\u00fchrungsangebot!<\/strong><br data-start=\"987\" data-end=\"990\" \/>Sichere dir <strong data-start=\"1002\" data-end=\"1017\">20\u202f% Rabatt<\/strong> auf alle Waxing-Behandlungen an den Beinen \u2013 nur f\u00fcr kurze Zeit.<br data-start=\"1082\" data-end=\"1085\" \/>\ud83d\udccc <em data-start=\"1088\" data-end=\"1167\">Bitte buche zum regul\u00e4ren Preis \u2013 der Rabatt wird direkt im Studio abgezogen.<\/em><\/p>\n<hr data-start=\"1169\" data-end=\"1172\" \/>\n<p data-start=\"1174\" data-end=\"1312\">\ud83d\udc49 <strong data-start=\"1177\" data-end=\"1242\">Termin online vereinbaren &amp; das Gef\u00fchl glatter Haut genie\u00dfen:<\/strong><br data-start=\"1242\" data-end=\"1245\" \/><a class=\"\" href=\"https:\/\/www.studiobookr.com\/hand-fuss-68851#\/\" target=\"_new\" rel=\"noopener\" data-start=\"1245\" data-end=\"1312\"><strong data-start=\"1246\" data-end=\"1264\">Jetzt buchen \u2192<\/strong><\/a><\/p>\n","protected":false},"excerpt":{"rendered":"<p>Vorbereitung &amp; Tipps f\u00fcr dein Waxing-Erlebnis Damit dein Waxing-Erlebnis so angenehm und effektiv wie m\u00f6glich wird, haben wir dir die wichtigsten Hinweise zur Vorbereitung und Nachsorge zusammengestellt. So genie\u00dft du seidig glatte Haut mit maximalem Wohlf\u00fchlfaktor! \ud83d\udca1 Bitte beachte vor deinem Termin: Die Haare sollten mindestens 5 mm lang sein (ca. 7\u201310 Tage nach der&#8230;<\/p>\n","protected":false},"author":1,"featured_media":563,"parent":0,"menu_order":0,"comment_status":"closed","ping_status":"closed","template":"page_nosidebar.php","meta":{"footnotes":""},"class_list":["post-568","page","type-page","status-publish","has-post-thumbnail","hentry"],"_links":{"self":[{"href":"http:\/\/handundfuss.eu\/index.php?rest_route=\/wp\/v2\/pages\/568","targetHints":{"allow":["GET"]}}],"collection":[{"href":"http:\/\/handundfuss.eu\/index.php?rest_route=\/wp\/v2\/pages"}],"about":[{"href":"http:\/\/handundfuss.eu\/index.php?rest_route=\/wp\/v2\/types\/page"}],"author":[{"embeddable":true,"href":"http:\/\/handundfuss.eu\/index.php?rest_route=\/wp\/v2\/users\/1"}],"replies":[{"embeddable":true,"href":"http:\/\/handundfuss.eu\/index.php?rest_route=%2Fwp%2Fv2%2Fcomments&post=568"}],"version-history":[{"count":2,"href":"http:\/\/handundfuss.eu\/index.php?rest_route=\/wp\/v2\/pages\/568\/revisions"}],"predecessor-version":[{"id":570,"href":"http:\/\/handundfuss.eu\/index.php?rest_route=\/wp\/v2\/pages\/568\/revisions\/570"}],"wp:featuredmedia":[{"embeddable":true,"href":"http:\/\/handundfuss.eu\/index.php?rest_route=\/wp\/v2\/media\/563"}],"wp:attachment":[{"href":"http:\/\/handundfuss.eu\/index.php?rest_route=%2Fwp%2Fv2%2Fmedia&parent=568"}],"curies":[{"name":"wp","href":"https:\/\/api.w.org\/{rel}","templated":true}]}}